when 33 is divided by a(o)?
9
Let x = -652 + 667. Calculate the remainder when 162 is divided by x.
12
Let t = -304 + 307. Let i(x) = -3*x - 5. Calculate the remainder when i(-4) is divided by t.
1
Let l(o) = -10*o + 1. Let w be l(-11). Let r = w + -92. What is the remainder when 112 is divided by r?
17
Let s = -263 + 278. Suppose -6*i - 2*r = -i - 224, 5*i - 4*r - 212 = 0. What is the remainder when i is divided by s?
14
Let o = -107 - -93. What is the remainder when 118 is divided by (-12)/(-4) - o/1?
16
Suppose 3*f + 449 = 8*f - y, 2*f = 3*y + 190. What is the remainder when f is divided by 16?
9
Let p = -2468 + 2533. Calculate the remainder when 193 is divided by p.
63
Let x(h) = -h + 4. Let a be x(-3). Let n = -3 + a. Let v(t) = t**3 + 14*t**2 - 61*t - 685. Calculate the remainder when v(-15) is divided by n.
1
Let j = 1002 - 614. Calculate the remainder when j is divided by 65.
63
Suppose 0 = -2*u + 3*u + 9. Let m(o) be the second derivative of o**4/12 + 7*o**3/6 - 11*o**2/2 + 3*o. Calculate the remainder when 18 is divided by m(u).
4
Let u = 165 - 73. Suppose u = 3*v + v. Calculate the remainder when 114 is divided by v.
22
Let l(f) = f**2 + 11*f - 23. Let v(o) = -o - 20. Let m be v(-6). Calculate the remainder when l(m) is divided by 7.
5
Let j(t) = -86*t**2 + 2*t - 3. Let w be j(1). Let y be w/(-3) + -2 + -4. Suppose 8 + y = b. Calculate the remainder when 121 is divided by b.
28
Suppose 0 = -v + 39 - 0. Calculate the remainder when 110 is divided by v.
32
Suppose -3*l - 263 = 2*q - 1535, 5*l - 4*q - 2142 = 0. Calculate the remainder when l is divided by 140.
6
Let a = 901 + -864. What is the remainder when 92 is divided by a?
18
Suppose 0 = -0*q - 5*q + 55. Let r = q + 1. What is the remainder when r is divided by 7?
5
Suppose -855 = b - 974. Calculate the remainder when b is divided by 40/(-6)*-3*3.
59
Suppose -x + 32 = -0*x - b, -3*x + 61 = 4*b. What is the remainder when x is divided by -8 + 112/(-6 + 13)?
3
Suppose l + u - 87 = 0, -5*u + 7*u = 2*l - 194. What is the remainder when l is divided by 17?
7
Suppose 0*f = -3*f - 3*h - 120, -2*h = 3*f + 115. Let q = f + 85. What is the remainder when q is divided by 17?
16
Let p(y) = -y**3 + 9*y**2 + 8*y + 49. What is the remainder when 288 is divided by p(10)?
27
Let u(r) = r**2 + 4*r. Calculate the remainder when 188 is divided by u(-7).
20
Let d = -33 - -59. Let y(h) = 7 - 10 + h**3 - 4 + 6*h**2 - 9*h. What is the remainder when d is divided by y(-7)?
5
Let i be ((-96)/(-40))/(1/40). Let d = i - 53. What is the remainder when d is divided by -3 + 27 + -1 + -1?
21
Let u(h) = 9*h**2 - h - 4. Let s = -9 - -11. What is the remainder when 117 is divided by u(s)?
27
Let b(y) = -y**3 + 12*y**2 - 9*y - 14. Let o be b(9). Suppose -2*u + 2*s = -189 - 115, -3*s - o = -u. Calculate the remainder when u is divided by 40.
34
Suppose 2*d + 5*k = -7, k = -2*d - 3*k - 2. Suppose -156 = -507*m + 504*m. Calculate the remainder when m is divided by d.
7
Suppose 4 = 3*r - 2*n - 4, 3*r - n - 4 = 0. Let c(t) = -2*t - 2. Let u be c(-5). Suppose 0 = -w - r*w + u. What is the remainder when 13 is divided by w?
5
Suppose -46*n + 60 + 952 = 0. What is the remainder when 64 is divided by n?
20
Suppose 3*t - 84 = -0*t. Let r = 48 - t. Suppose r = -4*y, 2*y = 5*n - 156 + 11. Calculate the remainder when n is divided by 7.
6
Suppose -5*o = -2*n + 5*n - 60, 5*n - 87 = -4*o. Let z(w) = 3*w + 27. Let s = -69 - -62. Calculate the remainder when n is divided by z(s).
3
Let r(x) = x**3 + 34*x**2 - 3*x - 26. Calculate the remainder when 300 is divided by r(-34).
72
Let x be 142/3 - 1/3. Let k = x - 34. Calculate the remainder when k is divided by (40/(-24))/((-1)/3).
3
Let u(l) = 76*l - 10. What is the remainder when 392 is divided by u(1)?
62
Let c = -15 + 116. Calculate the remainder when c is divided by 13.
10
Let o = 443 + -378. What is the remainder when 149 is divided by o?
19
Let o(c) = -2*c + 12. Let t be o(6). Suppose n - 7 - 26 = t. What is the remainder when 15 is divided by (-9)/(-4)*88/n?
3
Let c = 355 - 202. What is the remainder when c is divided by 11?
10
Let j = -137 - -161. Calculate the remainder when j is divided by 3.
0
Let g = -254 + 530. Calculate the remainder when g is divided by 31.
28
Let x(b) be the first derivative of -2*b**2 + 2*b - 1. Let p be x(1). What is the remainder when p*1 - (-30 - -1) is divided by 14?
13
Let j(h) = 1 + 257*h**2 - 5*h + 5*h. Let x be j(-1). Suppose 5*s - x = 62. Calculate the remainder when s is divided by 22.
20
Suppose 0 = 8*c + 60 + 92. Let v = 83 + c. Calculate the remainder when v is divided by 33.
31
Let y(s) = 15*s - 483. What is the remainder when y(36) is divided by 33?
24
Suppose 2*j = y + 77 + 62, 293 = 4*j + 3*y. Calculate the remainder when j is divided by (6 + 2)*-3*-1.
23
Let m = -208 + 214. Calculate the remainder when 16 is divided by m.
4
Let j(q) = 36*q + 29. Let o be j(5). Suppose -431 = -16*i + o. What is the remainder when i is divided by 21?
19
Suppose 5*n + 9*k - 14*k = 80, -n - 4*k = -1. Calculate the remainder when 103 is divided by n.
12
Suppose -10*w - 527 = -657. Calculate the remainder when 205 is divided by w.
10
Let d(o) = 49*o**2 - o + 2. Suppose -4*w - w - 3*p = -2, -4*w = -5*p - 9. What is the remainder when d(w) is divided by 26?
24
Calculate the remainder when 222 is divided by (-98 - 1)*(-11)/(330/20).
24
Suppose 0 = -0*b - 17*b + 204. Suppose 7*j - 5*x = 10*j - 83, -5*j = -4*x - 89. What is the remainder when j is divided by b?
9
Let a(t) = -15*t + 12. Calculate the remainder when a(-4) is divided by 15.
12
Let n(v) = 6*v - 12. Let w be n(5). Let l = -13 + w. Calculate the remainder when 16 is divided by l.
1
Let a = 6 - 1. Suppose -q - q - 56 = -2*j, 0 = 3*j - a*q - 88. What is the remainder when 48 is divided by j?
22
Suppose 21*x - 157 = 1271. What is the remainder when x is divided by 20?
8
Calculate the remainder when 153 is divided by (-13)/39*(2 - 1 - 22).
6
Suppose 5*o = 10, -13 = -2*g + o + 17. What is the remainder when 63 is divided by g?
15
Let x = 13 + -9. Suppose 23 + 9 = -x*d. What is the remainder when 11 is divided by (d/10)/(14/(-105))?
5
Let i = 433 - 392. Calculate the remainder when i is divided by 11.
8
Suppose -24 = 5*g - 39. Suppose -8 = -20*l + 16*l. Suppose -69 = -l*j + 5*z, -j = -g*z - 30 - 7. What is the remainder when 63 is divided by j?
19
Let n(k) = -2*k**3 + 29*k**2 - k + 8. Calculate the remainder when n(14) is divided by 33.
25
Let l(n) = 5*n**3 + 2*n**2 + 5*n - 14. What is the remainder when 172 is divided by l(2)?
40
Let o be ((-18)/12)/((-6)/8). Suppose 3*y - 70 = -o*y. Suppose -u - u = -106. Calculate the remainder when u is divided by y.
11
Suppose 0 = -2*k + 8*o - 4*o + 2, 3*k - 2*o = -5. Let m be 4/(5/2 + k). Let t(p) = p**2 + 4*p - 3. What is the remainder when 57 is divided by t(m)?
28
Let v(g) = -6*g - 30. Suppose -3*a - 3*l = a + 55, -2*a - 2*l = 28. Let q be v(a). Suppose q*u = 44*u + 28. What is the remainder when 13 is divided by u?
6
Let t(l) = -3*l**2 - l**3 - 5 + l**2 - 7*l**2 - 17*l - 4*l**2. Calculate the remainder when t(-12) is divided by 14.
13
Suppose 3*t - 66 = -3*s, -8*t - 52 = -2*s - 6*t. What is the remainder when s is divided by 3?
0
Let c(r) = -r**3 - 48*r**2 + 100*r + 105. What is the remainder when c(-50) is divided by 12?
9
Let t = -166 + 173. Suppose 27 - t = 2*z. Let a = -35 + 72. What is the remainder when a is divided by z?
7
Suppose 4*o = 5*w - 41 + 8, -5*w - 4*o = -17. Suppose -4 = -d, -w*l + 258 = -d - 2*d. Calculate the remainder when l is divided by 19.
16
What is the remainder when 218 is divided by ((-90)/21)/(((-102)/(-140))/(-17))?
18
Suppose -10*u = -16*u + 3024. Let o be (-3)/(-3) + 0 + 1. What is the remainder when (o/(-4))/((-12)/u) is divided by 12?
9
Suppose 4*j - 6*j = 4*n - 8, -5*j = -3*n + 19. Let p = -3 + 4. Calculate the remainder when (-407)/22*j*p is divided by 10.
7
Suppose 0 = 4*v + 2*z - 1792, v + 7*z = 4*z + 438. What is the remainder when v is divided by 35?
30
Let d(k) = k**3 - 4*k**2 + 2*k + 7. Let l be d(3). Suppose 5*j - 87 - 50 = -l*x, -4*x = 3*j - 79. What is the remainder when 57 is divided by j?
28
Suppose -9*a - 2*v - 228 = -12*a, 5*v + 89 = a. What is the remainder when 885 is divided by a?
71
Suppose z - 10 + 6 = 0. S